*d. What is the units digit of y?
9
Let n(u) = 38*u**3 - 20*u**2 + 80*u - 9. What is the thousands digit of n(4)?
2
Let j = 12 - 15. Let i be 1*(-1)/j + (-544)/(-51). Suppose 0 = -g + 3, -3*g - i = -2*n - 2*g. What is the units digit of n?
7
Let m(o) = -1165*o**2 - 8*o - 7. Let x be m(-1). Let f = -383 - x. What is the hundreds digit of f?
7
Let z = -35 - -39. Suppose -2*r + 930 = 4*y, 5*y - 7*r + z*r = 1157. What is the tens digit of y?
3
Suppose -9*i = 64 - 172. What is the tens digit of (-12)/8*(-376)/i?
4
Let l = -44 - -54. Suppose l*k - 2018 = -768. What is the hundreds digit of k?
1
Let b = 228 - 200. Suppose 3*a = -2 + 101. Suppose b*v = a*v - 450. What is the tens digit of v?
9
Suppose -5*x + 1 = -3*w - 18, -26 = -4*x - 3*w. Let g(i) = 4*i**3 - 13*i**2 + 7*i - 14. What is the units digit of g(x)?
6
What is the thousands digit of ((17/51)/(8/6))/((-26)/(-1773928))?
7
What is the tens digit of ((-792)/(-176))/(27/117636)?
0
Let o = 8113 + -136. What is the tens digit of o?
7
Let y(h) = 1058*h - 433. What is the tens digit of y(19)?
6
Suppose 182 = -14*d + 40*d. What is the units digit of d/((-35)/(-995)) - 6?
3
Let h(x) = -6*x**2 - 8*x - 28. Let a be (-1)/(-5) + 205/(-25). Let c be h(a). Let u = -249 - c. What is the tens digit of u?
9
Suppose 22 - 1 = -7*a. What is the hundreds digit of 295/(7*a/(-42))?
5
Suppose -4*c + 26 = -3*h, -3*c + 5*h = -4 - 10. What is the hundreds digit of (444/10)/(c/120)?
6
Let k(j) = -3425*j - 708. What is the thousands digit of k(-2)?
6
Let f = 3408 + 233. What is the thousands digit of f?
3
Let c(u) = u**3 - 15*u**2 - 17*u + 18. Let l be c(16). Suppose -4*t = -l*h + 6*h - 2244, -1688 = -3*h - 2*t. What is the tens digit of h?
6
Let p(d) = -16*d**3 - 3*d**2 - 45*d + 60. What is the hundreds digit of p(-13)?
2
Let g(y) = 5*y**3 + 7*y**2 + 15. Let b be g(6). Suppose 7*k - 410 = b. What is the tens digit of k?
5
Suppose -s + 4*f = 7, -7*f = -8*f - 4. Let a(w) = -w**3 - 23*w**2 + 2*w + 34. Let p be a(s). What is the units digit of 26/(-3)*234/p?
9
Let k = 68326 - 4773. What is the hundreds digit of k?
5
Let c = 740 - 297. What is the tens digit of (-18)/(12/6) + c?
3
Let p(s) = 3*s**3 + 2*s**2 - s - 3. Suppose 210 = 10*y - 5*y. Let q = 44 - y. What is the units digit of p(q)?
7
Suppose -9*r + 5*r = -2328. Suppose 4*q - r = 10*q. Let v = q + 381. What is the hundreds digit of v?
2
Let k(p) = -p**2 - 21*p - 78. Let c be k(-25). Let q = c - -357. What is the hundreds digit of q?
1
Suppose 5*f - 155 = -t, 0 = 5*t + 2*f - 156 - 619. What is the hundreds digit of 59551/t + -1 + (-4)/(-5)?
3
Let n = 167 - 167. Suppose n = 21*b - 5*b - 13072. What is the units digit of b?
7
Let j(g) = 16414*g + 3193. What is the thousands digit of j(2)?
6
Let o = -448 + 1083. Suppose 8*p - o - 341 = 0. What is the tens digit of p?
2
Let p = 2 - 3. Let n(i) = -13*i**2 - 1. Let w be n(p). What is the tens digit of (64/6 - -1) + w/21?
1
Let x = -1 - -29. Let a = -26 + x. What is the units digit of 162/a + -10 + 8?
9
Let i = 59114 + -23051. What is the units digit of i?
3
Let g = -92 + 118. Suppose 0 = -2*l - 3*l - 3*p - 22, -5*l - g = 4*p. What is the hundreds digit of 417/(4 - (-2)/l) + -2?
1
Let a(z) = 1129*z**2 + 21*z - 2. What is the units digit of a(-3)?
6
Suppose 9*x - 3003 = -4*x. Let o = 251 - x. What is the tens digit of o?
2
What is the units digit of (-344465)/110*(-2 - 0)?
3
What is the units digit of (-184 + -6)/(8/(-265 - -1))?
0
Let y(q) = 19 - 101*q + 422*q - 28. What is the units digit of y(3)?
4
Suppose 57*s = -147*s + 1577124. What is the tens digit of s?
3
Let o(r) = -r**2 - 3*r - 4. Let w be o(-4). What is the hundreds digit of 217 + (-8)/(-6)*(-12)/w?
2
Let h(a) = 5*a**3 - 7*a**2 - 8*a + 5. Let j be h(-4). What is the tens digit of ((-1)/(2/j))/(10/20)?
9
Suppose 142*j = 4221255 - 987063. What is the thousands digit of j?
2
Suppose 2*t - 6080 = -5*f, 8991 = 4*t - f - 3147. What is the thousands digit of t?
3
Let y(o) = 73*o**2 + 3. Let t be y(2). Let s be 1/(((-25)/t)/(-5)). Suppose 5*j - s - 606 = 0. What is the hundreds digit of j?
1
Suppose 20 = 3*p + 2*m - 16, 0 = -2*p + m + 31. Let w = -32 + p. What is the tens digit of w/81 - (1 - 688/18)?
3
Suppose -419*u + 429*u = 7410. Let m = 153 + u. What is the tens digit of m?
9
Let g = 457 + -96. Suppose -4*v + g = -223. Let u = v + -83. What is the units digit of u?
3
Let v(d) = -d + 7. Let m be v(4). Suppose l = -2*a + 28, 5*a - 26 = m*a - 2*l. Let w(f) = -f**2 + 20*f - 6. What is the tens digit of w(a)?
6
Let g(l) = -l + 11. Let j be g(6). Suppose j*z = 7*b - 11*b + 5575, -4*b - 2*z + 5578 = 0. What is the hundreds digit of b?
3
Let q = -521 + 364. Let f = 273 + q. Suppose 0*i = -4*i + f. What is the tens digit of i?
2
Suppose 0 = -3*l + 4*v + 10, -5*l - 3*v + 8 = -v. Suppose l = -2*f + 12. What is the tens digit of (10/14)/f - 6828/(-28)?
4
Let d(h) = -h**3 - 4*h**2 + 12*h + 2. Let m be d(-6). Suppose -2*k + 4*p + 270 = 0, -4*k + 0*p = m*p - 580. What is the hundreds digit of k?
1
Let z(f) = -22 + 5*f**2 + 12*f - 32*f - 22 + 16. What is the units digit of z(7)?
7
Suppose p - 7*y + 15 = -2*y, 5*p + y = 3. Suppose 2*v - 36*l + 41*l - 2198 = 0, p = v - l - 1092. What is the hundreds digit of v?
0
Let t = 138 - 132. Let b be (-2)/t + (-160)/24 + 7. Suppose -2*f - 4*v = -7*f + 1357, b = 5*f + 2*v - 1339. What is the tens digit of f?
6
Let y(c) = -6*c**2 + 9*c - 5. Let b = -26 - -32. Let u be y(b). Let s = u + 297. What is the tens digit of s?
3
Let g(h) = 2*h**2 + 15*h + 14. Let c(l) = 3*l**3 + 5*l - 16*l + 9 - l**3 + 5*l**2 - l**3. Let q be c(-7). What is the tens digit of g(q)?
2
Let z(r) = r**3 + 2*r**2 - 4*r - 11. Let w be z(-7). Suppose 1733 = 4*l - 3*u, 3*u + 16 = 7. Let i = w + l. What is the tens digit of i?
0
Suppose 98*k - 105*k = -15036. Suppose 6*q = k + 6324. What is the tens digit of q?
1
What is the units digit of (-17)/((-510)/1159480) + 56/(-42)?
8
Suppose -3*u - 101 = 5*q, -5*u - 2 = -4*q + 191. Let j = u + 149. What is the hundreds digit of j?
1
Suppose 25 = -5*j, 31*k - j - 125 = 26*k. Suppose -240 = k*a - 36*a. What is the units digit of a?
0
Let z = 23 - 5. Suppose z*o = 21*o. Suppose 5*x - r + 3*r - 521 = o, 5*x - r - 512 = 0. What is the units digit of x?
3
Let k(j) = 1 - 45*j - 5 + 125*j. What is the tens digit of k(3)?
3
What is the units digit of (268/32)/((-6)/(-48))?
7
Suppose 28*i = 11*i + 595. Suppose -i*r = -13*r - 12034. What is the units digit of r?
7
Let o(c) = -c**3 + 7*c**2 - 11*c + 7. Let g be o(5). Let d be 1 - (g + -5 - 224). Suppose 2*v = 76 + d. What is the hundreds digit of v?
1
Let q = 131 + -131. Suppose q = -3*h - 150 + 1161. What is the tens digit of h?
3
Let f(i) = i**3 + 6*i**2 + 3*i + 1. Let q be f(-4). Suppose 4*g = -q*g + 15250. What is the tens digit of g?
1
Let q(j) = 74*j**2 - 1 + 0*j**3 + j**3 + 9 - j - 83*j**2. Let f be q(9). What is the tens digit of (2 + f)/(14/756)?
5
Suppose -36*s - 78073 = 44327. Let x = s + 5125. What is the units digit of x?
5
Suppose 24*l - 57536 = -5*l. What is the units digit of l?
4
Let s = 713 + -1363. Let d = -399 - s. What is the tens digit of d?
5
Suppose 0 = 5*w - 3*b - 8736, 10*b - 9*b = -4*w + 6982. What is the hundreds digit of w?
7
What is the hundreds digit of (48755 - -23) + -13 + 9?
7
Let t(s) = 20*s**2 - 14*s + 20. Let q(d) = 2*d**3 + 11*d**2 - 9*d - 11. Let v be q(-6). What is the tens digit of t(v)?
0
Let a(i) = 20*i - 4. Let m(x) = -x. Let j(y) = a(y) - m(y). Let t(u) = u**2 + 7*u + 3. Let o be t(-7). What is the tens digit of j(o)?
5
Let c = 2680 + 2404. What is the thousands digit of c?
5
Suppose -g + 0 + 3 = 0. Let i be (-37)/((-3)/(-6)*-2). Suppose g = 5*u - i. What is the units digit of u?
8
Suppose 3*m + 2*o - 3 = 5*o, 4*m + 31 = -3*o. What is the units digit of ((-29056)/(-192))/(m/(-18))?
1
Let u = -464 - -632. Suppose -3*i - i = -2*n - u, -n - 172 = -4*i. What is the units digit of i?
4
Let c be (315/35)/(2/(-314)). Let u = -982 - c. What is the units digit of u?
1
Let z = 139 - 139. Suppose z = -c - 17 + 20. Suppose c*j + w - 671 = 0, -2*w - 351 = 4*j - 1247. What is the units digit of j?
3
What is the hundreds digit of (-292635)/70*(5/1)/((-3)/2)?
9
What is the ten thousands digit of (1398273/33 - -2) + 18/(7326/37)?
4
Suppose -p + 2803 = -4*b, -143*b = 3*